s the tens digit of 11162940?
4
What is the ten millions digit of 248030509?
4
What is the ten thousands digit of 270423563?
2
What is the units digit of 67868045?
5
What is the ten millions digit of 309375795?
0
What is the thousands digit of 17447160?
7
What is the hundreds digit of 1091819299?
2
What is the tens digit of 1036736417?
1
What is the tens digit of 21748061?
6
What is the millions digit of 188058588?
8
What is the ten thousands digit of 7653740666?
4
What is the thousands digit of 2163356?
3
What is the hundred thousands digit of 849213194?
2
What is the hundreds digit of 91105410?
4
What is the tens digit of 2530878294?
9
What is the tens digit of 224154149?
4
What is the millions digit of 491957142?
1
What is the hundred thousands digit of 197423236?
4
What is the hundred millions digit of 321081941?
3
What is the units digit of 417688023?
3
What is the units digit of 2509239413?
3
What is the units digit of 50736360?
0
What is the billions digit of 2747313191?
2
What is the hundreds digit of 1664026000?
0
What is the millions digit of 110712910?
0
What is the hundreds digit of 937289559?
5
What is the hundred millions digit of 1063017809?
0
What is the hundreds digit of 7298643?
6
What is the hundred thousands digit of 3149864?
1
What is the hundred thousands digit of 85661043?
6
What is the hundreds digit of 25975289?
2
What is the units digit of 1005150774?
4
What is the hundred thousands digit of 66790559?
7
What is the ten millions digit of 37247884?
3
What is the hundreds digit of 33283974?
9
What is the hundred thousands digit of 73787214?
7
What is the ten millions digit of 50716228?
5
What is the tens digit of 358116219?
1
What is the thousands digit of 1210256764?
6
What is the tens digit of 103258456?
5
What is the ten thousands digit of 53906408?
0
What is the tens digit of 10129560?
6
What is the millions digit of 128947236?
8
What is the millions digit of 12710346?
2
What is the tens digit of 242826456?
5
What is the hundreds digit of 1594780722?
7
What is the hundred thousands digit of 1171655948?
6
What is the hundreds digit of 1112567811?
8
What is the thousands digit of 23111352?
1
What is the ten millions digit of 446135396?
4
What is the millions digit of 6286155823?
6
What is the millions digit of 101447633?
1
What is the millions digit of 786607444?
6
What is the ten thousands digit of 192917740?
1
What is the hundreds digit of 1936328783?
7
What is the ten millions digit of 2679298299?
7
What is the hundred millions digit of 2279124329?
2
What is the hundred thousands digit of 394762884?
7
What is the tens digit of 118955683?
8
What is the hundred thousands digit of 40644172?
6
What is the hundred thousands digit of 2218068229?
0
What is the units digit of 566561693?
3
What is the thousands digit of 92407179?
7
What is the units digit of 177643405?
5
What is the tens digit of 25390161?
6
What is the hundreds digit of 4964976325?
3
What is the hundreds digit of 609701753?
7
What is the units digit of 2448270475?
5
What is the ten thousands digit of 955762903?
6
What is the tens digit of 340093855?
5
What is the billions digit of 2210759219?
2
What is the ten thousands digit of 767052948?
5
What is the units digit of 3091382724?
4
What is the hundreds digit of 347869472?
4
What is the ten millions digit of 12832962?
1
What is the units digit of 28935039?
9
What is the units digit of 218881567?
7
What is the ten thousands digit of 447781691?
8
What is the millions digit of 113788564?
3
What is the ten thousands digit of 472986961?
8
What is the hundreds digit of 810530879?
8
What is the hundred millions digit of 791462382?
7
What is the ten thousands digit of 308283997?
8
What is the ten thousands digit of 700937729?
3
What is the units digit of 25306268?
8
What is the millions digit of 427639154?
7
What is the hundred thousands digit of 333600975?
6
What is the hundred millions digit of 7674893523?
6
What is the hundred thousands digit of 50410249?
4
What is the hundreds digit of 58409293?
2
What is the hundred thousands digit of 688154432?
1
What is the millions digit of 1053090946?
3
What is the hundreds digit of 718942940?
9
What is the tens digit of 688853533?
3
What is the hundreds digit of 242381829?
8
What is the units digit of 89300058?
8
What is the units digit of 4371115691?
1
What is the tens digit of 8176853410?
1
What is the millions digit of 3102534459?
2
What is the hundred millions digit of 1411606733?
4
What is the ten thousands digit of 958367836?
6
What is the units digit of 530605667?
7
What is the hundreds digit of 35726499?
4
What is the ten millions digit of 2015200284?
1
What is the ten millions digit of 23490969?
2
What is the hundred millions digit of 5315826041?
3
What is the hundred millions digit of 197454638?
1
What is the hundred millions digit of 234088182?
2
What is the hundreds digit of 960525786?
7
What is the hundred thousands digit of 4982319387?
3
What is the ten thousands digit of 52683162?
8
What is the hundred thousands digit of 45341719?
3
What is the tens digit of 271637602?
0
What is the hundred thousands digit of 3752397036?
3
What is the ten thousands digit of 151128419?
2
What is the hundreds digit of 9668146?
1
What is the millions digit of 10336488?
0
What is the ten millions digit of 3135698197?
3
What is the tens digit of 10234351?
5
What is the ten thousands digit of 53739334?
3
What is the ten thousands digit of 1243619581?
1
What is the tens digit of 213044689?
8
What is the thousands digit of 2433247169?
7
What is the hundred thousands digit of 44069310?
0
What is the hundred thousands digit of 46965912?
9
What is the thousands digit of 28827617?
7
What is the hundred thousands digit of 54053288?
0
What is the ten millions digit of 46725713?
4
What is the units digit of 726157684?
4
What is the ten millions digit of 136394357?
3
What is the thousands digit of 818623948?
3
What is the ten millions digit of 240050605?
4
What is the thousands digit of 1378017046?
7
What is the hundreds digit of 830590282?
2
What is the thousands digit of 608650913?
0
What is the hundreds digit of 12756775?
7
What is the hundreds digit of 70188756?
7
What is the hundred millions digit of 234747441?
2
What is the ten thousands digit of 80694139?
9
What is the millions digit of 14760578?
4
What is the hundreds digit of 747102949?
9
What is the units digit of 1232669958?
8
What is the ten millions digit of 285203387?
8
What is the ten thousands digit of 15858121?
5
What is the hundred millions digit of 712475858?
7
What is the thousands digit of 3530483325?
3
What is the units digit of 112455659?
9
What is the hundreds digit of 745028220?
2
What is the tens digit of 2983473487?
8
What is the thousands digit of 69721440?
1
What is the tens digit of 3141003303?
0
What is the tens digit of 4281929102?
0
What is the hundreds digit of 1216164654?
6
What is the ten thousands digit of 16829201?
2
What is the tens digit of 385239918?
1
What is the tens digit of 1695516881?
8
What is the hundred thousands digit of 68115842?
1
What is the ten millions digit of 28037624?
2
What is the hundreds digit of 56119013?
0
What is the hundred millions digit of 1434593483?
4
What is the tens digit of 323398631?
3
What is the tens digit of 66162328?
2
What is the units digit of 4668412?
2
What is the thousands digit of 21152564?
2
What is the millions digit of 161361232?
1
What is the hundred thousands digit of 364894545?
8
What is the tens digit of 47602505?
0
What is the hundred thousands digit of 8618674?
6
What is the units digit of 483565357?
7
What is the tens digit of 31639595?
9
What is the units digit of 781600947?
7
What is the hundreds digit of 309546594?
5
What is the thousands digit of 3528656963?
6
What is the hundred thousands digit of 56229059?
2
What is the thousands digit of 60555401?
5
What is the ten thousands digit of 77644609?
4
What is the millions digit of 1392925317?
2
What is the hundred millions digit of 3014355484?
0
What is the hundred thousands digit of 292132547?
1
What is the tens digit of 219674714?
1
What is the ten thousands digit of 6554451689?
5
What is the hundred thousands digit of 472859084?
8
What is the ten millions digit of 976860049?
7
What is the t